*u - 48, -4*u = -2*x + 56. Calculate the highest common factor of 1476 and x.
36
Let m(b) = b**3 - 3*b**2 + 3*b + 4. Let s be (-120)/105*((-7)/(-2))/(-1). Let g be m(s). Let r = -25 + g. What is the greatest common divisor of 14 and r?
7
Let r(t) = -t**2 - 2*t - 1. Let c be r(-2). Let h be (1/c)/(((-90)/(-294))/(-15)). What is the greatest common divisor of 392 and h?
49
Let y be (24/4 - 14)*(-27 - 469). Calculate the greatest common factor of y and 896.
128
Suppose 798 = 104*s - 242. Let y = 58 + 19. Let z = y + -7. What is the highest common factor of z and s?
10
Let k(v) be the first derivative of v**3/3 - 5*v**2/2 + 15*v - 55. Let w be k(5). What is the highest common factor of 12 and w?
3
Suppose 0 = k + 2*y + 3 - 14, -k + 14 = 5*y. Suppose 17*z = 11*z + 3240. Suppose -z = -4*c - 8*c. What is the greatest common factor of c and k?
9
Let c = 4202 + -2746. Calculate the highest common factor of 48 and c.
16
Let b be (12 - 10)/(-3*1/(-18)). What is the greatest common divisor of 848 and b?
4
Suppose -3*f + 29 = -h - 4*h, 3*f = 2*h + 17. Let m be (0 - h)/1*65. Calculate the greatest common factor of 20 and m.
20
Let m(p) = 3*p + 137. Let g be m(6). Let j = g + -143. Calculate the greatest common divisor of 276 and j.
12
Let o be -1*(-1*12)/2. Let q(x) = -x**2 + 415*x + 6516. Let k be q(-15). Calculate the highest common divisor of o and k.
6
Let m be (16 + 36)/(30/125) + 4/(-6). What is the greatest common divisor of 312 and m?
24
Let z be 156/(-28) + 5 - (0 + (-11908)/14). What is the greatest common factor of 85 and z?
85
Suppose -4*q = -3*v + 5479, 0 = v + 5*q + 1162 - 3020. Calculate the greatest common factor of 47 and v.
47
Suppose 14685 = -5521*o + 5610*o. What is the greatest common divisor of o and 13255?
55
Suppose 361*c + 5*f = 360*c + 571, 0 = 4*c - 4*f - 2332. Calculate the greatest common divisor of 14 and c.
7
Let r(x) = x**3 - 8*x**2 + 9*x - 4. Let c be r(7). Let z = 65 + -54. Suppose z*v = 8*v + 15. Calculate the highest common divisor of v and c.
5
Suppose 87*g - 56*g = 7099. What is the highest common divisor of 34579 and g?
229
Let t be 44/11 + 4*5. Let h be 128/t*81/6. Calculate the highest common factor of 24 and h.
24
Let g(h) = 11*h**2 - 39*h + 11. Let m be g(8). Let n = m + -400. Let u = 37 - 10. Calculate the greatest common factor of u and n.
3
Let c be 3*15/(-360) + -3 + (-317714)/(-16). What is the highest common factor of 36 and c?
18
Let z be (104/91)/(-3 + (-66)/(-21)). Let o be (-5)/15*2*-6. Suppose 0 = -0*t + o*t + 3*y - 17, -3*t + y = -29. What is the greatest common factor of z and t?
8
Let o(b) = 5*b - 17. Let d be o(10). Suppose 34*i = d*i + 98. Let x = i + -55. What is the greatest common factor of 344 and x?
43
Suppose -r + 36099 = 3*t, 7280 = t + 2*r - 4763. What is the highest common divisor of t and 53?
53
Let r(x) = -x**3 - 16*x**2 - 2*x + 22. Let k be r(-7). Let a = k + 880. What is the greatest common factor of a and 19?
19
Let a(p) = -23*p + 55. Let m be a(-18). Calculate the greatest common factor of m and 35.
7
Let q be (-11)/((-11)/(-309))*2/6. Let p = q - -195. Calculate the greatest common factor of 69 and p.
23
Let f be 0 + 4 + 193 + -1 + 2. Let h(j) = 72*j - 12. Let t be h(2). Calculate the highest common factor of f and t.
66
Let w = -54 + 57. Let g be (-2*(-24)/w)/((-16)/(-40)). Calculate the greatest common factor of g and 520.
40
Suppose -z + 1035 = -6*v + v, 4 = 2*v. Let n be (-5 + 1)*(15 - z/22). Calculate the greatest common divisor of 195 and n.
65
Let q(y) = 6*y - 13. Let m be q(3). Suppose -m*h + 8*h - 381 = -r, 4*h = 3*r - 1091. What is the highest common divisor of 41 and r?
41
Suppose 11*u - 1512 = -5*u - 5*u. What is the highest common factor of 3072 and u?
24
Suppose -307 = v - 68. Let t = -230 - v. Calculate the highest common divisor of t and 102.
3
Suppose 3 = -3*w + 2*q - 0*q, -5*q - 15 = 0. Let i(g) = -10*g + 28. Let f be i(w). What is the highest common factor of 2 and f?
2
Let w = 206 - 186. Suppose -7*u = -15*u + 88. Suppose -u*l + 9*l + 8 = 0. What is the highest common divisor of l and w?
4
Let o(m) = 2*m**2 + 6*m + 8. Let r be o(4). Let s(x) = -x**3 + x + 8. Suppose -2*z = -0*z. Let d be s(z). What is the highest common factor of d and r?
8
Let a be (-302)/(-14) - (-108)/(-189). Let f be 24 + (-18)/a*35/(-10). Calculate the greatest common divisor of 27 and f.
27
Suppose 2*m + 0*m = -5*i + 159, -87 = -m - i. Let f = 144 - m. What is the greatest common factor of f and 364?
52
Let b(w) = 51*w - 3. Let u be b(3). Let d be ((-36)/(-8))/(5/u). Let y = -73 + 100. What is the highest common divisor of y and d?
27
Suppose -4*m - 12 = -m. Let o be (17 + -1)*(-42)/m. What is the greatest common divisor of o and 14?
14
Let q(k) = -5*k**3 - 63*k**2 + 26*k + 9. Let c be q(-13). Let w be 8/(-5)*40/(-16). Suppose 125 = c*y - w*y. What is the greatest common factor of 125 and y?
25
Let d be 47/(-1 - (-2 - -2)). Let a = -43 - d. Suppose -y - 39 = -a*y. Calculate the highest common divisor of y and 39.
13
Let w(y) = y**3 - 7*y**2 - 7*y + 5. Let r be w(8). Suppose 2*o - 102 = -14. Let a = 8 + o. Calculate the highest common divisor of a and r.
13
Let y(k) = -k**3 - 8*k**2 + 7*k - 16. Let a be y(-9). Suppose -j = 3*i - 79 - 0, 2*i = a*j - 150. What is the greatest common divisor of j and 4?
4
Let a be (5400/(-504))/((-9)/42). Let f be (-6)/((-2)/(-8) + -1). Calculate the highest common divisor of a and f.
2
Suppose -916*x = -846*x - 189980. What is the greatest common factor of x and 354?
118
Let d(z) = z**2 - 4*z - 10. Let x be d(5). Let v be (2/x)/(7/(-5460)). Calculate the greatest common divisor of 39 and v.
39
Suppose -2*t - 2933 + 18897 = 5*c, 5*c - 2*t = 15956. Calculate the highest common factor of 19 and c.
19
Suppose -i + 5127 = -s, i - 1631 = 2*s + 3490. What is the greatest common divisor of 696 and i?
87
Let g(x) = -x**3 - 5*x**2 - x. Let s be g(-6). Let q = 17 + 7. Let z be 80/6 + 16/q. Calculate the highest common divisor of z and s.
14
Let s(g) = 9 - 6*g - 3 + g + 6. Let z(r) = 10*r - 23. Let k(i) = -9*s(i) - 4*z(i). Let q be k(6). What is the highest common factor of q and 28?
14
Suppose -5*c - 35 = 4*k - 8, 5*k + 15 = 0. Let f be 798/9 - (-2)/c. Let t = f - 76. Calculate the greatest common factor of 276 and t.
12
Suppose 8*z + 627 + 69 = 0. Let u = -49 - z. What is the greatest common factor of 57 and u?
19
Let l be (-2 + 5/4)*136/(-17). Let o(r) = r**2 + r - 14. Let b be o(l). Suppose 234 = 4*z + 66. Calculate the greatest common factor of b and z.
14
Suppose -9*q + 10*q = -5*k + 35, 4*q - 5*k = 165. Calculate the highest common divisor of q and 760.
40
Let v be (3/(-6))/((-3)/7560*-3). Let p = -340 - v. What is the highest common divisor of 40 and p?
40
Let x = -792 - -799. Let j = 73 + -45. What is the highest common divisor of x and j?
7
Let j(x) = -106*x + 2134. Let r be j(-38). What is the greatest common factor of r and 78?
78
Suppose 110 = 3*k + 86, 162 = o + 2*k. Let b(m) = 128*m**2 - 1. Let f be b(2). What is the highest common divisor of f and o?
73
Let c(m) = -45*m - 13. Let u be c(2). Let p = u - -161. What is the greatest common factor of 174 and p?
58
Let x = 240 - 225. Suppose -x*m + 108 + 732 = 0. Let r be (1*-2 - -1)*-7. What is the greatest common factor of m and r?
7
Let h be (-8)/10*(-1875)/150. Let s(d) = 9*d**2 + 1. Let b be s(-1). What is the greatest common factor of h and b?
10
Suppose 3*w + 7665 = 3*d, 6*d - 12755 = d + w. Suppose 21*u - 31*u = -d. Calculate the greatest common divisor of u and 102.
51
Suppose -5*s - 14 = 46. Let a be (0 + 33)*4/s. Let p(k) = k**3 + 9*k**2 - 23*k + 3. Let l be p(a). Calculate the greatest common factor of l and 28.
14
Suppose 0 = 7*f + 11*f - 19*f + 1920. What is the highest common factor of 300 and f?
60
Suppose 3*p - m = 4, -3*p + 6*m - 3*m = -12. Suppose p = 25*j - 37*j + 72. Let o = -1 + 7. What is the greatest common divisor of o and j?
6
Let c = -115 - -452. Let g = c - 318. What is the highest common divisor of 1 and g?
1
Let n = -15 - 7. Let d be (-86 + -7)*(-6)/9. Let q = d - n. Calculate the greatest common factor of 56 and q.
28
Let z be 50 - -73 - (-33)/(-3). Calculate the highest common divisor of z and 238.
14
Let g = 18491 + -18478. What is the greatest common divisor of 13897 and g?
